 644911514?
9
What is the hundreds digit of 3992376978?
9
What is the millions digit of 126720568?
6
What is the hundred thousands digit of 3717097030?
0
What is the millions digit of 1894306238?
4
What is the ten thousands digit of 31647046?
4
What is the thousands digit of 192770158?
0
What is the thousands digit of 999483029?
3
What is the hundreds digit of 8760421216?
2
What is the hundred thousands digit of 18119356?
1
What is the ten thousands digit of 54783094?
8
What is the units digit of 1414609697?
7
What is the tens digit of 2130825037?
3
What is the thousands digit of 594758146?
8
What is the units digit of 71115983?
3
What is the thousands digit of 17770788?
0
What is the hundreds digit of 38108212?
2
What is the ten millions digit of 368453791?
6
What is the hundreds digit of 7104043091?
0
What is the hundred thousands digit of 48399122?
3
What is the units digit of 16390584?
4
What is the thousands digit of 125434858?
4
What is the ten millions digit of 1619733614?
1
What is the ten millions digit of 203101607?
0
What is the hundred thousands digit of 42085949?
0
What is the hundred thousands digit of 955787217?
7
What is the ten millions digit of 1518587389?
1
What is the ten thousands digit of 2613430455?
3
What is the hundred thousands digit of 1999111?
9
What is the tens digit of 1726901809?
0
What is the thousands digit of 620553706?
3
What is the ten millions digit of 19779517?
1
What is the hundred thousands digit of 34311950?
3
What is the hundreds digit of 423551981?
9
What is the ten millions digit of 291718347?
9
What is the tens digit of 1227183939?
3
What is the ten thousands digit of 68377417?
7
What is the ten millions digit of 49560643?
4
What is the ten millions digit of 53470903?
5
What is the ten thousands digit of 84328232?
2
What is the tens digit of 64743629?
2
What is the billions digit of 2442486356?
2
What is the hundreds digit of 276904694?
6
What is the ten thousands digit of 1298796594?
9
What is the ten millions digit of 141757363?
4
What is the millions digit of 148188004?
8
What is the hundred millions digit of 297619389?
2
What is the millions digit of 230990644?
0
What is the ten millions digit of 6937808418?
3
What is the ten thousands digit of 32245880?
4
What is the millions digit of 340022009?
0
What is the tens digit of 543955149?
4
What is the units digit of 514898961?
1
What is the thousands digit of 6406199849?
9
What is the ten millions digit of 450087106?
5
What is the hundreds digit of 390388454?
4
What is the millions digit of 315731919?
5
What is the tens digit of 103184343?
4
What is the thousands digit of 74706041?
6
What is the millions digit of 126788199?
6
What is the ten thousands digit of 34779427?
7
What is the millions digit of 528367525?
8
What is the hundred millions digit of 295221923?
2
What is the ten millions digit of 558207161?
5
What is the hundred thousands digit of 411209968?
2
What is the tens digit of 120814813?
1
What is the hundred thousands digit of 20425237?
4
What is the hundreds digit of 22487807?
8
What is the tens digit of 354750163?
6
What is the ten thousands digit of 822650829?
5
What is the hundreds digit of 41067159?
1
What is the ten millions digit of 34312101?
3
What is the ten thousands digit of 347248?
4
What is the ten millions digit of 52631034?
5
What is the hundreds digit of 1156715262?
2
What is the hundreds digit of 497565550?
5
What is the ten thousands digit of 3604094602?
9
What is the hundreds digit of 116723677?
6
What is the tens digit of 243782490?
9
What is the units digit of 46960297?
7
What is the hundred thousands digit of 43663163?
6
What is the hundred thousands digit of 69686544?
6
What is the ten millions digit of 6745645193?
4
What is the thousands digit of 201154878?
4
What is the hundreds digit of 1798937759?
7
What is the hundreds digit of 2237364086?
0
What is the hundreds digit of 604560852?
8
What is the ten millions digit of 292411511?
9
What is the hundred thousands digit of 2189888090?
8
What is the ten thousands digit of 113134828?
3
What is the units digit of 45156828?
8
What is the ten millions digit of 124705337?
2
What is the millions digit of 40754342?
0
What is the units digit of 5915602688?
8
What is the millions digit of 10625192?
0
What is the units digit of 748036616?
6
What is the tens digit of 38046152?
5
What is the thousands digit of 77585855?
5
What is the units digit of 35455816?
6
What is the units digit of 5246197732?
2
What is the hundred thousands digit of 46912302?
9
What is the thousands digit of 46437491?
7
What is the ten millions digit of 29376622?
2
What is the hundred millions digit of 348594609?
3
What is the hundred millions digit of 204495945?
2
What is the ten millions digit of 351049527?
5
What is the units digit of 1346069302?
2
What is the millions digit of 83040520?
3
What is the ten thousands digit of 37799816?
9
What is the millions digit of 37488936?
7
What is the hundred thousands digit of 313802260?
8
What is the ten millions digit of 16335602?
1
What is the millions digit of 1791456372?
1
What is the tens digit of 23247964?
6
What is the hundred thousands digit of 3246961713?
9
What is the hundreds digit of 30617299?
2
What is the hundred millions digit of 118585808?
1
What is the tens digit of 94810760?
6
What is the units digit of 36548003?
3
What is the ten thousands digit of 47332235?
3
What is the hundred thousands digit of 888527127?
5
What is the hundreds digit of 12773672?
6
What is the hundred thousands digit of 5904431062?
4
What is the ten millions digit of 52012504?
5
What is the millions digit of 285396034?
5
What is the ten thousands digit of 3871920923?
2
What is the tens digit of 163125661?
6
What is the hundreds digit of 778774937?
9
What is the millions digit of 110426060?
0
What is the millions digit of 15353201?
5
What is the millions digit of 1025632969?
5
What is the thousands digit of 120498588?
8
What is the ten millions digit of 706253762?
0
What is the ten millions digit of 274192782?
7
What is the millions digit of 420504408?
0
What is the units digit of 13135016?
6
What is the units digit of 5774795?
5
What is the hundreds digit of 573231158?
1
What is the units digit of 8105490?
0
What is the hundred millions digit of 678840537?
6
What is the ten thousands digit of 62606289?
0
What is the millions digit of 4661464535?
1
What is the billions digit of 1224621879?
1
What is the tens digit of 741808882?
8
What is the hundreds digit of 52653815?
8
What is the thousands digit of 81662040?
2
What is the billions digit of 4687677488?
4
What is the thousands digit of 586199596?
9
What is the hundreds digit of 79184168?
1
What is the hundreds digit of 702184912?
9
What is the tens digit of 132507214?
1
What is the thousands digit of 8893100?
3
What is the hundreds digit of 4188643?
6
What is the tens digit of 559733269?
6
What is the hundred millions digit of 1306187099?
3
What is the tens digit of 142310159?
5
What is the units digit of 200020679?
9
What is the millions digit of 311231397?
1
What is the units digit of 463249614?
4
What is the hundred millions digit of 681270289?
6
What is the ten millions digit of 20479237?
2
What is the ten millions digit of 46281025?
4
What is the hundred thousands digit of 54241543?
2
What is the ten thousands digit of 2446599927?
9
What is the thousands digit of 1679540686?
0
What is the hundreds digit of 607150801?
8
What is the ten thousands digit of 530743158?
4
What is the hundred thousands digit of 307617629?
6
What is the ten thousands digit of 1061555702?
5
What is the ten thousands digit of 11111307?
1
What is the units digit of 65922690?
0
What is the ten millions digit of 47818749?
4
What is the thousands digit of 32243270?
3
What is the hundred millions digit of 115775136?
1
What is the hundred thousands digit of 1066448398?
4
What is the hundred millions digit of 929720423?
9
What is the ten millions digit of 65813404?
6
What is the tens digit of 11386543?
4
What is the hundred millions digit of 111561567?
1
What is the thousands digit of 289676564?
6
What is the thousands digit of 5618256?
8
What is the thousands digit of 328378232?
8
What is the thousands digit of 188409808?
9
What is the units digi